
3
What is the value of -2 + 13 + 2 + -10?
3
What is (1 - 4 - 0) + -16 + 24?
5
-1 - (1 - 1) - 0
-1
Evaluate (-39 - -44) + -3 + (-2 - 1).
-1
What is 0 + 4 + 3 + -5?
2
3 + 1 + -2 + 4
6
What is the value of -11 - -20 - (2 - -11)?
-4
2 + -10 + 6 + -3
-5
Calculate 2 - (1 - (-3 + 1) - 3).
2
Evaluate 5 - 1 - (-4 + 0 - -8).
0
What is the value of -5 - (-1 + (-3 - -2))?
-3
What is the value of 2 + -9 + 5 + 6?
4
What is the value of (-11 - -7 - (-3 - 0)) + -6?
-7
What is the value of 2 + 2 - -9 - 9?
4
-6 - (7 + -7 + -5)
-1
What is (4 - (0 - (5 + -2))) + -4?
3
What is the value of -7 - -11 - (-6 - -5)?
5
What is 3 - (-1 - (2 + -1 + -3))?
2
What is -8 - (0 - (6 - 4))?
-6
-16 - (2 - 2) - (-168 - -162)
-10
Evaluate 1 - 5 - (19 + -38 - -13).
2
8 + (-2 - (3 + (-3 - 0)))
6
Calculate -9 + 7 - (-2 - (0 - -3)).
3
Calculate 5 + -1 + 1 + -11 + 7.
1
What is the value of 3 + -2 + (4 - (0 - -3))?
2
Evaluate (-6 - -5) + 6 - 0.
5
1 + (-1 - -4 - 1)
3
-4 - (-1 + -6) - 6
-3
Evaluate -4 + 3 + (-2 - -5) - 0.
2
(4 - 2) + 3 + -7 + 9
7
What is -1 + -2 - ((1 - -2) + -1)?
-5
-21 + 10 + 6 + -3
-8
What is the value of -1 - ((-2 + -1 - -2) + -4)?
4
Evaluate -7 + 1 + 1 + (0 - 0).
-5
What is -8 + 2 + (7 - 6) + 10?
5
2 - (2 + 2 + -8 - -5)
1
What is the value of (14 - (18 - 9)) + (-8 - -1)?
-2
What is 4 - (-4 + 13) - -10?
5
What is the value of (2 - (4 + 2)) + 0?
-4
-30 - -41 - (20 + -1)
-8
What is 22 + -16 + (2 - 10)?
-2
What is the value of -3 + (4 - 0) - 4?
-3
What is the value of 5 + -7 - (-15 - -20)?
-7
What is (0 - -2) + -11 + 13?
4
What is -2 + (-8 - -3) + 5?
-2
Calculate (-1 - (0 - 0)) + (-2 - -1).
-2
What is (-2 + 0 - -3) + -5?
-4
What is 10 + -6 + -7 + 6?
3
What is the value of (-8 - -1) + (7 - (3 - 2))?
-1
Evaluate -4 - (-6 + 6 + -3).
-1
What is -9 - (-7 + 4 - 1)?
-5
What is -2 + 2 + -4 + (-26 - -28)?
-2
What is the value of -1 - ((4 - 1) + -2)?
-2
Calculate 4 - (-4 - (-5 - (-4 - -6))).
1
What is the value of -1 - -3 - -1 - (-7 - -11)?
-1
What is -3 + -1 + 2 - -4?
2
What is 10 - 2 - (43 - 33)?
-2
What is the value of 41 + -47 - (3 + -7)?
-2
Calculate (-7 - (-8 + -3) - 17) + 6.
-7
Evaluate -9 - -5 - (1 + 4 - 11).
2
(63 - 68) + (-2 - -3)
-4
What is the value of 7 + 12 + -9 + -19?
-9
What is the value of 24 + -20 + 0 + -11?
-7
Calculate 5 + 0 - (-9 + 16 + 1).
-3
What is the value of 0 + 5 + (20 - 20)?
5
What is (1 + -7 - 1) + (-11 - -11)?
-7
What is the value of -2 + 2 + -4 - (-40 + 33)?
3
-2 + -1 + -2 + 1
-4
Calculate 4 + (-12 - -9 - (-6 - -1)).
6
(0 - -3) + (-5 - -2)
0
What is the value of -6 + (1 - (-7 + 7))?
-5
5 - (6 - (-7 - -6)) - 6
-8
Evaluate (13 - 8) + 0 + -4 + -8.
-7
Evaluate -10 + 3 - (-12 - (11 + -6)).
10
Evaluate 2 - (-4 + 3 + 5).
-2
Evaluate (1 + 0 + 1 - 0) + -2.
0
What is -10 - (6 + -5 + -4)?
-7
What is -45 + 41 + (-1 - 0)?
-5
Evaluate 2 + -4 + 5 + 4 + -2.
5
Calculate 3 - (-1 - (4 - 6)).
2
What is the value of -5 + 6 + 0 - 7?
-6
Evaluate 3 - (3 + -3 + 8).
-5
What is the value of 0 - 0 - (-8 + 23 - 13)?
-2
Evaluate 7 + -8 + (-4 - (-10 + 4)).
1
Evaluate -2 - (-11 - -16 - (1 + -1)).
-7
Evaluate 1 + 2 + -6 - -1.
-2
Evaluate -1 - (0 + (-7 - (1 - -1))).
8
Calculate 0 + -4 - (0 - -1 - 5).
0
Evaluate (-9 - -2) + 6 + -2.
-3
What is (-2 - (5 + -8 + 2)) + 1?
0
What is the value of -1 + -3 - (14 + -23)?
5
Calculate 21 - 21 - (0 - 4).
4
Calculate 6 + (-8 - -1) + -6.
-7
Calculate 6 + 4 + (-18 - (-8 - 0)).
0
Calculate 1 + -4 + -5 - (-43 - -44).
-9
What is -6 + (3 - -4 - -1)?
2
What is the value of -2 + 0 - (-4 - -2)?
0
What is 1 + 5 + -1 + -3 + 3?
5
What is the value of (35 - 39 - (-10 - 1)) + 0?
7
What is (8 - -2) + -7 + 1 + -1?
3
1 + 4 + -1 + -4 + 4
4
Calculate (-3 - -3) + 0 + 5.
5
Calculate (3 + -7 + 4 - 1) + 0.
-1
Evaluate 0 + 6 - (-4 - (-6 + -3)).
1
Calculate (5 + -9 - -10) + -10.
-4
Evaluate -4 - (-2 - -10) - -18.
6
(0 + -2 - (-9 + 3)) + -2
2
Calculate (4 - (-2 + 4) - -1) + -2.
1
What is the value of 4 + -12 + 4 - (0 + -8)?
4
What is -5 + 14 + 10 + -15?
4
Evaluate 9 - ((8 - -3) + -4 - 3).
5
-22 + 15 - (-4 - -3)
-6
What is the value of (-8 - -5) + (1 - 2) + 11?
7
Calculate 3 - (-1 - (-5 - -4)).
3
0 + -5 + 0 + 0
-5
What is the value of -7 - (-13 - (6 - 11))?
1
What is the value of (-5 - (-9 + 2 + 0)) + 4?
6
What is 1 - (1 + -6 - (9 - 13))?
2
Calculate 10 + 1 - (-31 - -42).
0
What is -2 + 3 + (-2 - (2 - 1))?
-2
1 - (6 - 5) - -1
1
17 + -22 - (0 - (-1 + 1))
-5
What is the value of -4 + 1 + (8 - 4)?
1
Evaluate 23 - 29 - (-6 - 0).
0
What is the value of 4 - (4 - (9 - 4) - 0)?
5
Calculate -1 + 7 - (-1 - 7 - -8).
6
What is the value of 2 - (5 + 0 + -5 + 2)?
0
0 - (5 + -6 - 3)
4
Evaluate -2 + (-10 + 17 - (7 + 0)).
-2
-1 + -9 + 9 - (3 - 0)
-4
What is (-11 - 0) + 13 - 3?
-1
Calculate -2 - 1 - (-21 - -21).
-3
What is (-1 - 0) + 66 + -62?
3
Calculate 134 + -117 - (10 + 1).
6
2 + -3 + 1 - -3
3
-3 - (5 + -1) - (-25 + 24)
-6
-3 - (-10 + (4 - 0))
3
Evaluate 6 - (-9 - -20) - -9.
4
What is 0 - (3 + (4 - (1 + 5)))?
-1
What is the value of (-6 - 2) + 9 - 6?
-5
What is the value of -1 - 2 - 0 - -3?
0
12 + 0 - (11 + -7 - -2)
6
Calculate 0 + -2 + -5 + (17 - 6).
4
Calculate (1 - (0 - -2)) + 3.
2
What is the value of -9 + (2 - -1) + 0 + -3?
-9
Evaluate 7 + -4 + -7 + 4 + 0.
0
Calculate -2 - -4 - 4 - 1 - 0.
-3
Evaluate -5 - ((10 - 5) + -7 + 0).
-3
What is the value of (2 + 1 - -1) + -3?
1
Evaluate 7 + -7 + 6 - (0 - 0).
6
What is the value of -2 - -6 - ((-7 - 5) + 10)?
6
Evaluate -1 - (-15 - -7) - 5.
2
Calculate (-1 - -6) + (-10 - (1 + -10)).
4
Evaluate -8 + 6 + (-2 - (2 - 4)).
-2
What is (1 - 4 - -5) + (-1 - 6)?
-5
What is the value of (0 - 1) + -4 + 10 + -1?
4
(-16 - (2 + -5)) + 18
5
What is the value of 0 + -1 + (-9 - -9) - 1?
-2
What is the value of (-1 - -9) + (-4 - -2) - 1?
5
Calculate (4 - (-6 + 16)) + 6.
0
Evaluate (3 - 5) + -3 + 0.
-5
What is the value of 1 + 1 - (1 - (-2 + 6))?
5
Evaluate (-1 - -5) + (0 - 1 - -2).
5
Evaluate 7 + (-14 - (-4 + 1)).
-4
3 + 4 + -10 + -2 + 5
0
-16 + 10 + 10 + -2
2
3 + -4 + 2 - 5
-4
What is (-1 - -6) + 2 + -10?
-3
Calculate (-1 - 7) + (14 + -3 - 9).
-6
Evaluate (1 - 2) + (32 - 11) + -18.
2
Calculate -5 + (5 + (-8 - -5) - 2).
-5
What is -3 + 1 - ((-9 - -5) + 3)?
-1
What is the value of 2 - -2 - -1 - 2?
3
What is the value of 0 + (8 - (-5 - -9))?
4
What is 0 + (-4 - -8 - 1)?
3
What is (2 - -4) + (-12 - 0)?
-6
Calculate 6 - 8 - (2 - 3).
-1
What is the value of -9 + 0 - (-26 - -18) - 1?
-2
-5 + 8 - (4 - 4)
3
What is 5 - (8 - (4 + -2))?
-1
What is the value of -1 - (-3 + -2 + 8)?
-4
Evaluate -3 + -3 + (8 - 7) + -3.
-8
Evaluate 2 + -4 + -3 + -1 + 6.
0
Evaluate -8 - (9 + -15 + 6).
-8
(-2 - 0 - (-8 + 6)) + 6
6
Calculate 6 - (-2 + 1 + 2 + 8).
-3
What is 4 + 1 + (-12 - (-14 - -9))?
-2
What is the value of 3 + 0 - (3 + 8 + -5)?
-3
Evaluate (5 - 3) + 55 + -54.
3
What is the value of (6 - 2) + (-1 - -1)?
4
What is the value of -1 + 2 - (3 + -2)?
0
Evaluate 85 + -82 - (2 - 1).
2
What is the value of 1 + (-3 - 5) - (6 - 9)?
-4
-4 - -2 - (-2 + 3 - 3)
0
Calculate 2 + (-1 - (-6 + 3 - 0)).
4
Calculate -19 + 26 - (-1 + 14).
-6
Calculate -5 + (-7 - (0 - 15)).
3
8 - (-1 + -1 + (12 - 4))
2
(4 - 4) + 0 + -3
-3
Evaluate (-1 - -3) + 3 + -8 + 1.
-2
What is the value of (2 + 0 - (2 + 2)) + 1?
-1
What is -27 - -16 - (-25 + 6)?
8
What is (0 - 3 - 0) + -1?
-4
0 + (5 - (1 - 0))
4
Calculate 8 - ((6 - -3) + -4).
3
Evaluate -9 + 0 - (-131 - -127).
-5
What is the value of -4 + (-4 - -3 - -1)?
-4
-3 + (1 - 0 - 3)
-5
Calculate -1 + 3 - (-2 - (-3 + 0)).
1
Calculate -5 + 1 + -11 + 19.
4
Evaluate 1 - -2 - (-1 - 1 - -1).
4
Calculate -7 + (-2 - -8) - (1 - 3).
1
Calculate -4 - (-17 + 10 - (1 + -4)).
0
Evaluate 0 - -1 - (-6 - (-4 - 3)).
0
What is -13 + 7 + 8 + (3 - 6)?
-1
What is the value of 2 + 2 + -6 + 1 - 2?
-3
What is the value of 0 - (3 - -3 - (5 - 2))?
-3
Evaluate (-2 - -3) + 3 + (0 - 1).
3
What is the value of 0 + 0 + (2 - 3) + 1?
0
What is 4 + 3 + (7 - (-2 + 5))?
11
What is the value of -1 - 5 - (7 + -13) - -3?
3
-8 - (4 + -13 - (6 - 1))
6
2 + (7 - (0 - (-2 + -2)))
5
What is 3 + 2 + (0 - -2 - 2)?
5
What is the value of -13 + -2 + 8 - -1?
-6
What is 6 + (-3 + -3 + 5 - 2)?
3
Calculate 6 + -2 + -1 + (-1 - 0).
2
What is -3 - (-2 + -4 + 7) - -4?
0
What is -18 - -9 - (-7 - 5)?
3
What is (-5 - 5) + 13 + -1 + -4?
-2
Calculate 2 + (-16 - 4) + 9.
-9
Evaluate 1 + 3 + (-2 - (1 + -3)).
4
-4 - -11 - -1 - -1
9